31*m - 60074. Calculate p(53).
-131
Let i(l) = -3443*l + 13814. Give i(4).
42
Let f(j) = j**3 + 22*j**2 + 47*j - 56. What is f(-17)?
590
Let u(w) = -2*w**2 - 216*w + 9415. What is u(-142)?
-241
Let y(v) = v**2 + 1316*v + 427707. Determine y(-586).
-73
Let d(q) = 5*q**3 - 220*q**2 - 33702*q + 206. Determine d(-63).
17
Let i(d) = -3*d**2 - 7222*d - 1993195. What is i(-318)?
29
Let l(z) = 6*z**2 - 299*z - 6444. Give l(66).
-42
Let o(k) = 346*k - 28410. Calculate o(78).
-1422
Let u(n) = -2*n**2 + 510*n + 5285. Determine u(265).
-15
Let s(g) = 405*g - 2011. Calculate s(5).
14
Let m(i) = 5*i**3 - 133*i**2 - 190*i + 16344. Calculate m(21).
6
Let p(c) = 23*c**2 - 158*c + 160. What is p(6)?
40
Let n(t) = -t**2 - 747*t - 67932. What is n(-106)?
14
Let q(c) = 1820*c - 212965. What is q(117)?
-25
Let d(j) = -18*j**2 + 1153*j - 3046. What is d(61)?
309
Let f(i) = 2*i**2 - 290*i + 1419. Calculate f(5).
19
Let r(u) = u**3 + 23*u**2 + 57*u + 263. Calculate r(-21).
-52
Let p(q) = 282153*q + 7335974. Calculate p(-26).
-4
Let c(d) = -d**3 + 61*d**2 - 886*d - 524. Determine c(36).
-20
Let f(v) = 2454*v + 318976. Determine f(-130).
-44
Let w(o) = -5*o**2 + 204*o - 2030. Calculate w(22).
38
Let a(d) = d**3 - 309*d**2 + 11450*d - 3185. Determine a(266).
7
Let w(j) = 45*j**2 + 737*j - 1949. Determine w(-19).
293
Let k(l) = -2*l**2 - 1114*l - 43284. Give k(-42).
-24
Let f(v) = 3271*v + 1125206. Determine f(-344).
-18
Let t(c) = -c**2 - 26*c + 6322. Give t(-101).
-1253
Let r(g) = 57*g**2 + 84027*g - 70798. Determine r(-1475).
2
Let s(c) = -4*c**3 + 107*c**2 - 485*c + 39. Determine s(21).
-3
Let c(o) = o**2 - 386*o + 36735. Give c(212).
-153
Let d(v) = -210*v**2 - 4*v + 18. Calculate d(-2).
-814
Let x(y) = y**3 - 12*y**2 - 141*y - 1833. Calculate x(-12).
-3597
Let n(r) = r**3 - 114*r**2 + 310*r + 2541. Calculate n(111).
-12
Let k(f) = f**3 - 9*f**2 + 3834*f - 22889. Calculate k(6).
7
Let t(w) = 59*w**2 + 37*w - 3487. What is t(-8)?
-7
Let u(m) = m**3 + 113*m**2 - 216*m + 1367. Give u(-115).
-243
Let q(g) = -35*g**2 - 149*g - 280. What is q(-5)?
-410
Let o(k) = -7*k**2 - 194*k - 5. What is o(0)?
-5
Let f(j) = 6*j**3 + 409*j**2 + 866*j + 520. Give f(-66).
-8
Let x(b) = -271119*b - 813351. Give x(-3).
6
Let c(v) = -v**3 + 14*v**2 - 7272*v + 72369. Determine c(10).
49
Let u(m) = m**3 - 34*m**2 - 375*m + 10898. What is u(36)?
-10
Let h(g) = -3849*g + 369491. Give h(96).
-13
Let b(x) = -9*x**3 + 56*x**2 + 233*x + 70. Calculate b(9).
142
Let u(m) = 14*m**2 - 317*m - 124. Determine u(30).
2966
Let d(v) = -v**3 - 79*v**2 + 40*v + 14925. Determine d(-77).
-13
Let w(p) = 19293*p + 24000505. What is w(-1244)?
13
Let m(b) = -365*b - 88669. What is m(-246)?
1121
Let i(f) = -7507*f - 7552. Calculate i(-1).
-45
Let g(a) = 6023*a + 2806683. What is g(-466)?
-35
Let y(m) = -m**2 + 6*m - 995. Give y(0).
-995
Let m(a) = 9076*a + 424. What is m(0)?
424
Let o(y) = y**2 + 958*y + 28894. Determine o(-31).
157
Let q(b) = b**3 + 19*b**2 - 6309*b - 101738. What is q(-16)?
-26
Let w(g) = 991*g**2 + 257658*g - 136. Calculate w(-260).
384
Let u(n) = -2*n**3 - 116*n**2 + 9868*n + 89. Calculate u(47).
-5
Let u(f) = -7167*f - 802711. What is u(-112)?
-7
Let l(j) = 172736*j - 1036422. What is l(6)?
-6
Let j(c) = -29*c**2 - 385*c - 164. Determine j(-15).
-914
Let f(u) = -8*u**2 + 432*u + 3924. Determine f(-9).
-612
Let h(k) = k**3 - 65*k**2 + 1133*k - 5340. Calculate h(40).
-20
Let x(o) = -2*o**3 - 58*o**2 + 248*o - 70. Determine x(4).
-134
Let r(k) = -9*k**2 - 296*k + 37306. Give r(50).
6
Let o(y) = y**2 + 13506*y + 15308992. Calculate o(-1249).
-1
Let s(t) = -t**3 - 54*t**2 - 376*t - 377. Calculate s(-46).
-9
Let o(c) = -4*c**3 - 264*c**2 - 3776*c + 85. What is o(-21)?
1
Let u(r) = -2059*r + 18485. Determine u(9).
-46
Let o(t) = t**3 - 73*t**2 - 95*t - 23012. Give o(78).
-2
Let n(y) = -668884*y - 8026616. Give n(-12).
-8
Let a(v) = -2983*v - 6082. Determine a(-2).
-116
Let j(h) = h**3 + 190*h**2 + 327*h - 9216. Determine j(-188).
-4
Let n(t) = t**3 + 37*t**2 + 1660*t + 48028. Determine n(-32).
28
Let a(k) = 9*k**2 + 2040*k + 10229. Give a(-5).
254
Let m(g) = 324*g - 123981. Calculate m(383).
111
Let b(p) = p**3 + 417*p**2 - 384*p + 14208. Give b(-418).
-4
Let h(u) = -233*u**2 - 920*u. What is h(-4)?
-48
Let l(h) = -1646*h - 98750. Calculate l(-60).
10
Let r(o) = -o**2 + 22*o - 107. Calculate r(11).
14
Let x(m) = 90154*m - 10. Give x(0).
-10
Let n(s) = -s**3 + 24*s**2 - 106*s - 93. Determine n(23).
-2002
Let o(a) = 60924*a + 487394. Determine o(-8).
2
Let i(t) = -t**3 - 50*t**2 - 31*t - 241. What is i(-50)?
1309
Let o(w) = -78*w**2 - 983*w + 27. Determine o(-14).
-1499
Let r(o) = -10*o**3 + 78*o**2 + 18*o - 38. What is r(8)?
-22
Let o(p) = 2*p**3 - 236*p**2 + 455*p + 1192. Determine o(116).
148
Let a(u) = -u**3 + 14*u**2 - 97*u + 896. Give a(12).
20
Let t(q) = -q**3 + 49*q**2 - 579*q + 3967. Give t(36).
-29
Let j(m) = -4*m**3 - 16*m**2 + 190*m + 472. Calculate j(-8).
-24
Let s(f) = -613*f + 2176. Determine s(3).
337
Let s(h) = -11*h**2 - 414*h - 3713. What is s(-23)?
-10
Let k(f) = -17*f**2 - 784*f - 5671. Determine k(-9).
8
Let j(s) = 861*s**2 + 30106*s - 1014. Give j(-35).
1
Let i(w) = -4*w**2 + 903*w - 47710. What is i(140)?
310
Let n(k) = k**2 - 106*k + 3048. Give n(58).
264
Let p(f) = 9734*f + 350378. Determine p(-36).
-46
Let f(l) = l**3 - 100*l**2 - 751*l + 1907. Determine f(107).
1693
Let s(m) = -20*m**3 - 145*m**2 - 37*m + 26. Calculate s(-7).
40
Let z(a) = -35855*a - 501949. What is z(-14)?
21
Let d(x) = -247*x + 8372. What is d(34)?
-26
Let j(d) = -d**2 + 6249*d - 62389. Give j(10).
1
Let d(f) = -23046*f - 184190. Calculate d(-8).
178
Let w(q) = -21*q**2 - 209*q + 182. What is w(-10)?
172
Let i(x) = 197*x - 1219. Give i(8).
357
Let n(p) = -2*p**3 - 23*p**2 + 77*p + 1040. Calculate n(-10).
-30
Let p(b) = -11360*b + 238640. Give p(21).
80
Let q(k) = -21204*k - 212063. Give q(-10).
-23
Let z(p) = -6212*p + 43486. Give z(7).
2
Let c(r) = -2774*r + 131697. Give c(47).
1319
Let r(i) = -2*i**2 + 15059*i + 135704. Calculate r(-9).
11
Let i(h) = 10*h**3 + 974*h**2 + 397*h + 847. Calculate i(-97).
-26
Let w(h) = -4*h**2 - 630*h - 17935. Calculate w(-37).
-101
Let z(n) = -4*n**2 - 1280*n + 5163. Determine z(4).
-21
Let d(n) = 42402*n + 1611347. What is d(-38)?
71
Let o(d) = -10*d**2 - 1466*d - 4274. Determine o(-3).
34
Let d(y) = 184845*y - 739365. Calculate d(4).
15
Let s(w) = 29*w**2 + 536*w - 16765. Calculate s(-35).
0
Let a(x) = -1524*x - 20238. Give a(-13).
-426
Let d(a) = -2*a**2 - 99*a + 146. Determine d(-50).
96
Let q(h) = 4395*h + 14106. Calculate q(-3).
921
Let v(x) = -x**2 - 10205*x - 1834021. Give v(-183).
5
Let y(t) = -105*t**2 - 6129*t + 3888. Calculate y(-59).
-6
Let q(m) = -m**2 - 3523*m + 53064. Give q(15).
-6
Let m(z) = -2*z**3 + 330*z**2 - 666*z + 55422. What is m(164)?
-10
Let y(k) = k**3 + 6*k**2 + 1771*k + 16173. What is y(-9)?
-9
Let z(d) = -2606*d - 27248. What is z(-10)?
-1188
Let p(b) = -b**3 + 8*b**2 + 218*b - 928. Calculate p(4).
8
Let l(t) = -t**2 - 3998*t - 2306009. Give l(-699).
-8
Let s(h) = -6*h**3 - 816*h**2 - 1615*h - 925. What is s(-134)?
13
Let p(d) = d**3 - 52*d**2 + 376*d + 476. Calculate p(43).
3
Let x(h) = 59*h - 7270. Determine x(122).
-72
Let c(q) = -q**3 + 24*q**2 + 400*q + 44. Calculate c(-13).
1097
Let t(j) = -33*j**2 - 2123*j + 4215. What is t(2)?
-163
Let m(z) = -9*z**3 + 24*z**2 - 74*z + 51. Determine m(1).
-8
Let t(n) = 85409*n - 854102. Give t(10).
-12
Let b(y) = -186326*y - 1304281. Determine b(-7).
1
Let o(d) = -681*d**3 + 14*d**2 + 10*d - 3. What is o(-1)?
682
Let q(g) = -48*g**3 + g**2 + 2*g - 6. Determine q(-2).
378
Let h(r) = -2*r**2 - 34*r + 23420. Calculate h(100).
20
Let x(q) = -q**3 + 77*q**2 - 210*q + 207. What is x(74)?
1095
Let n(y) = -8*y**2 - 542*y - 8980. Calculate n(-30).
80
Let a(u) = 21*u**2 + 2494*u - 667. Determine a(-119).
-72
Let o(a) = -54*a**3 - 3*a**2 + 17*a + 68. Calculate o(3).
-1366
Let h(f) = -3*f**3 + 5494*f + 10993. What is h(-2)?
29
Let i(c) = -590*c**2 + 15333*c - 362. Determine i(26).
-544
Let o(g) = -28571*g + 9514205. Calculate o(333).
62
Let x(v) = -11*v**3 + 201*v**2 + 5356*v - 342. Determine x(33).
-12
Let r(d) = -118355*d + 3787355. Calculate r(32).
-5
Let m(o) = -17343*o + 468265. Calculate m(27).
4
Let o(l